214348?
2
What is the units digit of 17120642?
2
What is the millions digit of 3372383?
3
What is the units digit of 151179?
9
What is the units digit of 9888454?
4
What is the millions digit of 2001940?
2
What is the units digit of 3520251?
1
What is the hundreds digit of 205158?
1
What is the hundred thousands digit of 207734?
2
What is the units digit of 43828?
8
What is the tens digit of 3412903?
0
What is the units digit of 476009?
9
What is the tens digit of 427489?
8
What is the units digit of 310903?
3
What is the tens digit of 781011?
1
What is the hundreds digit of 59848?
8
What is the ten thousands digit of 4378543?
7
What is the hundreds digit of 655184?
1
What is the hundred thousands digit of 1768099?
7
What is the thousands digit of 4692043?
2
What is the hundred thousands digit of 110253?
1
What is the tens digit of 80190?
9
What is the ten thousands digit of 26349442?
4
What is the millions digit of 23659286?
3
What is the units digit of 2526496?
6
What is the thousands digit of 970795?
0
What is the thousands digit of 3321689?
1
What is the units digit of 2736445?
5
What is the hundred thousands digit of 1017081?
0
What is the thousands digit of 36560843?
0
What is the hundreds digit of 525852?
8
What is the units digit of 1799943?
3
What is the hundreds digit of 255907?
9
What is the hundreds digit of 8245127?
1
What is the hundred thousands digit of 1828072?
8
What is the hundreds digit of 22422?
4
What is the ten thousands digit of 533290?
3
What is the thousands digit of 66146?
6
What is the thousands digit of 492570?
2
What is the thousands digit of 10444659?
4
What is the ten thousands digit of 334124?
3
What is the hundred thousands digit of 7253671?
2
What is the hundreds digit of 173825?
8
What is the units digit of 8594524?
4
What is the tens digit of 5028074?
7
What is the tens digit of 747248?
4
What is the units digit of 913915?
5
What is the hundred thousands digit of 1512198?
5
What is the ten thousands digit of 4468856?
6
What is the hundreds digit of 923828?
8
What is the tens digit of 801238?
3
What is the millions digit of 1882415?
1
What is the thousands digit of 6028328?
8
What is the millions digit of 2316024?
2
What is the hundreds digit of 583787?
7
What is the thousands digit of 419691?
9
What is the ten thousands digit of 409315?
0
What is the units digit of 1711968?
8
What is the hundred thousands digit of 11216917?
2
What is the thousands digit of 2235434?
5
What is the tens digit of 828149?
4
What is the hundreds digit of 195569?
5
What is the tens digit of 405171?
7
What is the units digit of 20968152?
2
What is the hundreds digit of 5489592?
5
What is the hundreds digit of 775124?
1
What is the hundreds digit of 1492954?
9
What is the tens digit of 8006601?
0
What is the thousands digit of 184151?
4
What is the ten thousands digit of 22181796?
8
What is the millions digit of 3306952?
3
What is the ten thousands digit of 536727?
3
What is the units digit of 6549081?
1
What is the tens digit of 5846580?
8
What is the tens digit of 67815?
1
What is the ten millions digit of 14020889?
1
What is the millions digit of 3530896?
3
What is the hundreds digit of 451780?
7
What is the hundred thousands digit of 13870755?
8
What is the hundred thousands digit of 2421916?
4
What is the hundreds digit of 2052072?
0
What is the tens digit of 256811?
1
What is the thousands digit of 16373265?
3
What is the units digit of 12433104?
4
What is the hundred thousands digit of 7896995?
8
What is the tens digit of 210933?
3
What is the units digit of 5001213?
3
What is the hundred thousands digit of 15313951?
3
What is the ten thousands digit of 19096590?
9
What is the ten thousands digit of 4628492?
2
What is the hundreds digit of 201?
2
What is the ten thousands digit of 1282869?
8
What is the units digit of 1507022?
2
What is the tens digit of 107097?
9
What is the hundreds digit of 1453064?
0
What is the ten thousands digit of 300876?
0
What is the hundreds digit of 18809?
8
What is the thousands digit of 65890?
5
What is the hundred thousands digit of 612837?
6
What is the hundreds digit of 1326298?
2
What is the units digit of 242821?
1
What is the thousands digit of 90209?
0
What is the thousands digit of 985535?
5
What is the units digit of 172824?
4
What is the thousands digit of 5260171?
0
What is the thousands digit of 13841350?
1
What is the ten thousands digit of 2353958?
5
What is the hundreds digit of 611443?
4
What is the millions digit of 5158337?
5
What is the hundreds digit of 509403?
4
What is the ten thousands digit of 6586904?
8
What is the millions digit of 3053710?
3
What is the units digit of 4471296?
6
What is the hundred thousands digit of 1867799?
8
What is the thousands digit of 730524?
0
What is the hundred thousands digit of 7741431?
7
What is the thousands digit of 32753?
2
What is the units digit of 8628800?
0
What is the units digit of 20002306?
6
What is the hundreds digit of 18042063?
0
What is the hundreds digit of 2270554?
5
What is the hundreds digit of 2093009?
0
What is the thousands digit of 4630781?
0
What is the tens digit of 1754175?
7
What is the thousands digit of 9408916?
8
What is the hundreds digit of 1026484?
4
What is the ten thousands digit of 11423006?
2
What is the hundred thousands digit of 3963494?
9
What is the thousands digit of 140473?
0
What is the units digit of 306043?
3
What is the hundreds digit of 3520?
5
What is the ten thousands digit of 70898?
7
What is the tens digit of 4677841?
4
What is the ten thousands digit of 420595?
2
What is the hundreds digit of 298154?
1
What is the thousands digit of 434532?
4
What is the hundred thousands digit of 3382079?
3
What is the millions digit of 11412227?
1
What is the ten thousands digit of 365895?
6
What is the ten millions digit of 10863215?
1
What is the tens digit of 79053?
5
What is the units digit of 11614676?
6
What is the units digit of 195337?
7
What is the tens digit of 2791837?
3
What is the hundreds digit of 10596379?
3
What is the units digit of 187535?
5
What is the hundred thousands digit of 364013?
3
What is the thousands digit of 226480?
6
What is the hundreds digit of 381274?
2
What is the millions digit of 23532599?
3
What is the thousands digit of 2279668?
9
What is the hundred thousands digit of 3451820?
4
What is the units digit of 2848710?
0
What is the thousands digit of 257466?
7
What is the ten thousands digit of 322340?
2
What is the ten thousands digit of 285965?
8
What is the hundreds digit of 471580?
5
What is the units digit of 757588?
8
What is the thousands digit of 7220893?
0
What is the tens digit of 695486?
8
What is the thousands digit of 6060609?
0
What is the units digit of 1197814?
4
What is the thousands digit of 300755?
0
What is the ten thousands digit of 17773266?
7
What is the units digit of 170478?
8
What is the tens digit of 173147?
4
What is the hundred thousands digit of 30632888?
6
What is the tens digit of 234222?
2
What is the units digit of 8822800?
0
What is the units digit of 1277316?
6
What is the hundred thousands digit of 1031379?
0
What is the thousands digit of 82835?
2
What is the millions digit of 8070000?
8
What is the hundreds digit of 454716?
7
What is the millions digit of 1008971?
1
What is the hundreds digit of 1856766?
7
What is the units digit of 446138?
8
What is the units digit of 1039716?
6
What is the ten thousands digit of 6969768?
6
What is the hundred thousands digit of 2210334?
2
What is the ten thousands digit of 80263?
8
What is the tens digit of 8436243?
4
What is the tens digit of 188243?
4
What is the units digit of 486135?
5
What is the hundreds digit of 4223486?
4
What is the ten thousands digit of 1092300?
9
What is the ten thousands digit of 4750545?
5
What is the hundred thousands digit of 9729017?
7
What is the hundred thousands digit of 454492?
4
What is the units digit of 97950?
0
What is the millions digit of 5665495?
5
What is the units digit of 488200?
0
What is the hundreds digit of 3277207?
2
What is the tens digit of 20002?
0
What is the units digit of 9071?
1
What is the tens digit of 353819?
1
What is the millions digit of 1570720?
1
What is the ten thousands digit of 3033227?
3
What is the tens digit of 1403